e greatest common divisor of 6 and 30?
6
What is the greatest common factor of 90 and 1692?
18
Calculate the highest common divisor of 913 and 83.
83
What is the greatest common factor of 1770 and 6785?
295
Calculate the highest common factor of 33 and 132.
33
Calculate the highest common factor of 220 and 100.
20
What is the greatest common factor of 6084 and 36?
36
What is the greatest common divisor of 176 and 16?
16
Calculate the highest common divisor of 42 and 6594.
42
Calculate the greatest common factor of 352 and 143.
11
What is the highest common divisor of 6 and 162?
6
What is the highest common divisor of 2769 and 2130?
213
Calculate the highest common divisor of 36 and 297.
9
Calculate the greatest common divisor of 42 and 540.
6
Calculate the greatest common divisor of 874 and 114.
38
Calculate the highest common divisor of 252 and 63.
63
What is the greatest common divisor of 34 and 986?
34
What is the greatest common divisor of 72 and 873?
9
What is the greatest common divisor of 1545 and 15?
15
Calculate the highest common factor of 72 and 90.
18
Calculate the greatest common factor of 72 and 180.
36
What is the highest common factor of 3577 and 98?
49
Calculate the highest common factor of 1088 and 612.
68
What is the greatest common divisor of 1064 and 608?
152
What is the highest common factor of 310 and 403?
31
What is the greatest common divisor of 1428 and 756?
84
What is the greatest common factor of 396 and 8?
4
What is the highest common divisor of 1 and 7692?
1
Calculate the highest common divisor of 104 and 208.
104
What is the greatest common divisor of 273 and 1209?
39
Calculate the highest common factor of 1020 and 2448.
204
Calculate the highest common divisor of 46824 and 12.
12
Calculate the highest common factor of 84 and 924.
84
What is the greatest common divisor of 66 and 726?
66
Calculate the highest common divisor of 43 and 1.
1
Calculate the greatest common divisor of 128 and 16.
16
What is the greatest common factor of 9568 and 1040?
208
Calculate the greatest common factor of 956 and 8.
4
Calculate the highest common divisor of 98 and 154.
14
What is the highest common factor of 264 and 99?
33
What is the greatest common factor of 1863 and 81?
81
What is the highest common factor of 150 and 1025?
25
What is the greatest common divisor of 108 and 81?
27
What is the highest common factor of 17 and 3859?
17
Calculate the highest common divisor of 168 and 8176.
56
What is the highest common factor of 363 and 165?
33
Calculate the greatest common factor of 4344 and 24.
24
Calculate the greatest common divisor of 72 and 183.
3
Calculate the greatest common divisor of 4980 and 156.
12
Calculate the highest common divisor of 841 and 232.
29
Calculate the highest common divisor of 234 and 54.
18
Calculate the highest common divisor of 55 and 33.
11
Calculate the highest common factor of 100 and 30.
10
What is the greatest common factor of 138 and 19941?
69
What is the highest common divisor of 3720 and 1560?
120
What is the greatest common factor of 100 and 27100?
100
Calculate the highest common divisor of 19 and 3.
1
Calculate the greatest common factor of 49 and 147.
49
What is the highest common factor of 2 and 14?
2
What is the greatest common factor of 52 and 8?
4
What is the greatest common divisor of 24 and 24?
24
What is the greatest common divisor of 64 and 576?
64
What is the greatest common divisor of 27 and 21?
3
Calculate the highest common factor of 63 and 84.
21
What is the highest common factor of 221 and 7969?
13
What is the greatest common factor of 152 and 38?
38
Calculate the highest common divisor of 228 and 1539.
57
What is the highest common factor of 102 and 510?
102
Calculate the highest common factor of 624 and 144.
48
What is the greatest common factor of 83 and 83?
83
Calculate the greatest common divisor of 249 and 1328.
83
Calculate the highest common divisor of 117 and 2964.
39
Calculate the highest common factor of 2366 and 2.
2
Calculate the highest common divisor of 5688 and 72.
72
Calculate the highest common factor of 172 and 1247.
43
Calculate the highest common divisor of 50 and 40.
10
What is the greatest common factor of 1751 and 103?
103
What is the greatest common factor of 7 and 553?
7
What is the greatest common divisor of 420 and 735?
105
What is the greatest common factor of 73638 and 18?
18
Calculate the greatest common divisor of 56 and 7.
7
Calculate the greatest common divisor of 28532 and 28.
28
What is the highest common divisor of 4 and 932?
4
Calculate the greatest common factor of 348 and 36.
12
Calculate the greatest common divisor of 234 and 91.
13
Calculate the greatest common factor of 123 and 3854.
41
Calculate the greatest common factor of 147 and 42.
21
Calculate the highest common factor of 4257 and 792.
99
What is the highest common factor of 1122 and 527?
17
What is the highest common factor of 52 and 416?
52
What is the highest common divisor of 322 and 5014?
46
What is the greatest common divisor of 2149 and 7?
7
What is the greatest common factor of 14 and 182?
14
Calculate the greatest common divisor of 101 and 2323.
101
What is the greatest common divisor of 12172 and 4?
4
What is the greatest common factor of 6090 and 315?
105
What is the greatest common factor of 396 and 36?
36
What is the greatest common factor of 990 and 902?
22
What is the greatest common divisor of 5031 and 117?
117
Calculate the highest common divisor of 38 and 1957.
19
What is the highest common divisor of 231 and 42?
21
What is the highest common factor of 50 and 15790?
10
What is the highest common divisor of 340 and 20?
20
What is the greatest common divisor of 8 and 3504?
8
Calculate the greatest common factor of 9248 and 8.
8
Calculate the highest common divisor of 25422 and 114.
114
Calculate the highest common factor of 156 and 2856.
12
Calculate the highest common divisor of 68 and 748.
68
Calculate the greatest common factor of 567 and 126.
63
Calculate the greatest common factor of 40 and 220.
20
Calculate the greatest common factor of 8 and 200.
8
What is the greatest common divisor of 16 and 424?
8
Calculate the highest common factor of 42 and 714.
42
What is the greatest common factor of 32 and 4?
4
What is the highest common factor of 160 and 100?
20
Calculate the highest common divisor of 16 and 8.
8
What is the greatest common factor of 2656 and 192?
32
What is the greatest common factor of 2449 and 31?
31
Calculate the greatest common divisor of 4067 and 98.
49
Calculate the highest common factor of 970 and 1358.
194
What is the highest common divisor of 26 and 74?
2
What is the highest common factor of 65 and 33995?
65
Calculate the greatest common factor of 24 and 42.
6
Calculate the greatest common divisor of 28 and 826.
14
Calculate the greatest common factor of 209 and 1425.
19
What is the greatest common divisor of 2934 and 18?
18
What is the greatest common divisor of 86 and 688?
86
What is the highest common divisor of 35 and 497?
7
Calculate the greatest common divisor of 4 and 2436.
4
Calculate the greatest common divisor of 48 and 324.
12
Calculate the highest common divisor of 4200 and 70.
70
What is the greatest common divisor of 80 and 112?
16
Calculate the greatest common divisor of 310 and 40.
10
What is the highest common divisor of 16380 and 52?
52
What is the greatest common divisor of 310 and 93?
31
What is the greatest common divisor of 12 and 258?
6
Calculate the greatest common divisor of 19485 and 45.
45
What is the highest common factor of 324 and 24?
12
Calculate the highest common divisor of 290 and 10.
10
Calculate the greatest common divisor of 216 and 270.
54
What is the highest common factor of 208 and 112?
16
Calculate the greatest common factor of 860 and 344.
172
Calculate the highest common factor of 27 and 15.
3
What is the greatest common factor of 2706 and 5658?
246
What is the greatest common factor of 496 and 48?
16
What is the greatest common factor of 8 and 1688?
8
Calculate the highest common factor of 36 and 54.
18
What is the highest common divisor of 18468 and 228?
228
What is the highest common factor of 1920 and 672?
96
What is the highest common factor of 4978 and 38?
38
Calculate the greatest co